d + z = -3*d + 5*u, 5*d + 52 = -4*u. Is d/36 + (1 - (-46122)/27) composite?
False
Suppose 5*q + 469 = -j, 4*j = -j - 5*q - 2265. Let h = 632 + j. Suppose -4*p = 4*b - 1488, 3*b - 565 = -p - h. Is p prime?
True
Let r(b) = b - 34. Let z be r(28). Is z/(-9)*9 + 961 a composite number?
False
Suppose 0 = 154*i - 174*i + 40. Let a(d) = 2518*d**2 - 4*d - 1. Is a(i) composite?
True
Let x(r) = 181*r - 4. Let k be (-310)/(-40) - (-1)/4. Let z be x(k). Suppose -4*c = 0, 2*c - z = -4*p + 216. Is p a composite number?
True
Is (15942/(-8))/(-24*21/92064) a prime number?
False
Let j = -203 + 212. Suppose -8*o = j*o - 40358. Is o a prime number?
False
Let l(s) = 347*s + 28. Let t be l(3). Suppose 40*r = 41*r - t. Is r composite?
False
Let j(y) be the first derivative of -3*y**4/2 - 14*y**3/3 + 19*y**2/2 + 44*y + 156. Is j(-11) a composite number?
True
Let m(n) = 3*n**2 - 9*n - 57. Let b be m(-5). Suppose -b*l + 65863 = -56*l. Is l composite?
True
Let v(i) = 3249*i**2 - 7*i + 19. Let p(x) = -x**2 - 17*x - 70. Let u be p(-9). Is v(u) composite?
False
Suppose -14*o - 15 = -19*o. Suppose 0 = o*m + 14*m - 14909. Is m a prime number?
True
Suppose 24*n = 42*n - 6948. Let x = -358 - -935. Let d = x - n. Is d a composite number?
False
Let h be ((-20647)/33 - -11)/(2/(-6)). Let r = h + -679. Is r a prime number?
False
Let j = 154 - 90. Suppose -5*k - j = -9. Let n = 116 - k. Is n composite?
False
Let r(i) = -i**2 - i - 1. Let m(l) = l**3 - 7*l**2 - 7*l - 1219. Let b(c) = -m(c) + 6*r(c). Let w be 6/(-9) + 1 - (-2)/(-6). Is b(w) composite?
False
Let z = 81834 - -64259. Is z a composite number?
False
Is ((-16)/72)/(12/(-594963)) + 30/(-36) composite?
True
Let m(x) = -x**3 - 25*x**2 - 28*x + 45. Let n(z) = 3*z**3 + 76*z**2 + 84*z - 134. Let p(s) = 11*m(s) + 4*n(s). Is p(-21) prime?
False
Let w(i) = -88629*i - 218. Is w(-1) prime?
True
Let b = -310 + 282. Suppose w + 2*w = 345. Let c = w + b. Is c a prime number?
False
Is (-146163711)/908*(16/72 + (-28)/18) composite?
False
Let g be (-37)/259 + (-142)/(-14). Suppose 18732 = g*d - 35078. Is d a composite number?
False
Suppose -17976 = -2*o - 4*a, 5*a = -3*o + a + 26954. Suppose 0*x = -x + 4, -2*s = -2*x - o. Is s prime?
True
Suppose 10*m = 12*m - 2. Let u = m - -1. Suppose -l + u*n = 2*l - 753, 0 = -5*l - n + 1255. Is l prime?
True
Is -1 + ((-17040247)/(-21) - 20/(-12)) prime?
True
Suppose -18*k + 20*k = 1236. Suppose -k = -4*f + 146. Is f composite?
False
Suppose -3*k + 0 = 5*h - 40, -3*k - h + 20 = 0. Suppose -4*m = s - 9, 3*m + k*s - 6 = 5. Suppose -m*f - 11192 = -10*f. Is f a prime number?
True
Let b = -406 - -424. Suppose 4038 = -b*s + 24*s. Is s a prime number?
True
Suppose -24*w - 2*w = -0*w - 2150174. Is w a composite number?
False
Suppose 8886348 - 44916 = 4*h - z, -4*h = -3*z - 8841440. Is h a composite number?
True
Suppose -8*y + 8211 = -1581. Let b = y + -931. Is b a prime number?
True
Is (7 + (-2601)/18 - 1)/(1/(-758)) prime?
False
Let n be -2 - ((-12)/6)/(1/2). Suppose -2*i + 2411 = n*h - 1097, -4*h = i - 1739. Is i a composite number?
False
Suppose -3891*g = -1964*g - 1943*g + 132176. Is g a composite number?
True
Let m(h) = -4*h - 13. Let o be m(-3). Let t be 0 + (o - 7) + -6 + 10. Is (-1 + 4 + t)/(1/(-787)) prime?
True
Suppose 0 = r + 2*r + 4*v + 746, 4*v + 496 = -2*r. Let x = 767 + r. Is x a composite number?
True
Let z = 51 + -19. Suppose 45 = z*l - 29*l. Suppose l*a - 11938 - 156797 = 0. Is a a composite number?
True
Suppose -246*m - 1385 = -251*m. Suppose -276*w - 1117 = -m*w. Is w prime?
True
Suppose -20 - 5 = 5*r. Let c be ((-5)/((-15)/46))/(r/(-1095)). Suppose -4*b + 454 = -c. Is b a composite number?
False
Suppose -3*w = 5*y - 373612, 12*y - 373617 = 7*y + 2*w. Is y composite?
True
Suppose 0 = 445*i - 449*i + 3776. Suppose 3*x + 5*q = 4951, -i = -4*x - 2*q + 5676. Is x a prime number?
True
Suppose -5*y - b = -1433807, -y = b + 47378 - 334133. Is y composite?
False
Let c(l) = 97726*l + 15. Suppose 27*n - 23*n = -5*w - 11, -n - 11 = 4*w. Is c(n) composite?
True
Let m(f) = -10*f + 69. Let c be m(6). Suppose -c*x + 52513 = 8*x. Is x composite?
False
Let d(j) = 214688*j**2 + 7*j - 10. Is d(1) a composite number?
True
Suppose 21*a = 26*a - 245. Suppose -i + 100 = -a. Suppose -m - i = -2*m. Is m composite?
False
Suppose -27 = -5*a - 7. Suppose -3*k - 5*y + 815 = -763, 0 = -k + y + 518. Suppose -3*r = -2*r + a*x - k, 2*r - 4*x - 1078 = 0. Is r a prime number?
False
Let q = 20 - 19. Suppose 5*i + 16 = -4*f, i + 2*f + 3 = q. Is ((-2)/(i/(-149)))/((-1)/2) composite?
False
Suppose -8 = 5*i - 3, -5222 = -5*s + 2*i. Suppose 0 = 3*o - 5*r - 4554, 4*o + r - 2772 = 3323. Let g = o - s. Is g a composite number?
False
Suppose -1230*u + 1289*u - 1749763 = 0. Is u a prime number?
False
Suppose 10*k - 13*k = 6927. Let a be (-3)/45*-3 - k/5. Suppose -7498 = -4*t - a. Is t a composite number?
False
Suppose -2*s = i - 31094 - 135890, i - 2 = 0. Is s a prime number?
False
Let m be (-24 + 1992)/(2/37). Let t = m - 25747. Is t composite?
True
Suppose 9*t + 221 = 10*t - h, 2*h - 4 = 0. Is t prime?
True
Suppose f = 4*g + 88, -5*g = -5*f + 10*f + 135. Let w = g + 3586. Is w prime?
False
Let c(f) = 526*f**2 - 22*f + 11. Let m(w) = -525*w**2 + 23*w - 13. Let u(i) = 5*c(i) + 4*m(i). Is u(-6) a composite number?
True
Suppose -550693 = 10*z - 2662683. Is z a prime number?
True
Suppose -2*h + 3325 = g - 3*h, -2*h = g - 3340. Suppose 3*v + g = 8*v. Suppose 2*c - 844 = v. Is c composite?
True
Let d = -590 + 1033. Let f(g) = 4*g**3 - 2*g**2 + 9*g - 5. Let n be f(3). Suppose -a + d = n. Is a a composite number?
False
Suppose 18*d = 3*d - d + 1125616. Is d prime?
True
Suppose 776871 + 109613 = 4*i. Is i composite?
False
Suppose 27 = 16*m - 7*m. Suppose 5*b + 5*w - 200 = 10*w, -65 = -2*b - m*w. Is b composite?
False
Suppose -11470 = -h + 3456. Is (-128 - -126)*(h/(-4))/1 a prime number?
False
Let d be 8 + 0/(-7) + 4289. Let q = d - -6460. Is q a composite number?
True
Let h = -3548 - -1787. Let s(k) = -116*k**3 - 2*k**2 + 3*k + 1. Let b be s(-3). Let z = h + b. Is z composite?
True
Let o(j) = j**2 - 55*j + 204. Let m be o(52). Let k be 47/1 + 1 + -1. Suppose -m*q + 911 = -k*q. Is q a prime number?
True
Suppose 0 = -88*x + 77*x + 121957. Is x a prime number?
True
Let h = 1422647 + 800136. Is h composite?
False
Suppose k - 3*r + 722 - 2447 = 0, -4*k + r = -6955. Suppose 7*n - k - 479 = 0. Is n a prime number?
True
Is ((-42)/(-9 - -2) - 12) + 20767 composite?
True
Let x = 203 + -171. Suppose -l + x = -37. Is l a composite number?
True
Let i(n) = 682*n + 192. Let p be i(-11). Is -1*1/1*(p - -123) prime?
True
Let l(s) = 1002*s - 4343. Is l(30) a prime number?
True
Suppose 0 = 3*t + f - 4*f + 75, -3*t = -2*f + 75. Let s = -25 - t. Let j(z) = z**3 - z**2 + 2005. Is j(s) prime?
False
Suppose -67*a = -43*a - 111152 - 556696. Is a prime?
True
Suppose 0 = -272*h + 292*h - 72820. Is h a composite number?
True
Let q(b) = 2*b + 14. Let d be q(2). Suppose 13*m + d = 14*m. Is 30/(-135) - (-1210)/m a composite number?
False
Suppose 27*y = 35*y + 16. Is 5077*(-6)/y*(-8)/(-12) composite?
True
Let g(o) be the third derivative of 47*o**4/24 - 13*o**3/6 - 12*o**2. Suppose 3 = 2*u - 29. Is g(u) a prime number?
True
Is 2400/360*(-63534)/(-8) a composite number?
True
Let i = 14531 - -8867. Is i prime?
False
Let s = -339587 - -479176. Is s a prime number?
True
Let i(f) = 561*f - 964. Is i(15) a composite number?
False
Suppose -3*d = -2*d - 5*k - 2133, -2*d + 5*k = -4241. Suppose -2*w = 754 - d. Is w composite?
False
Suppose -56355 + 269400 = 7*r. Suppose r + 51988 = 11*b. Is b prime?
False
Suppose 5954747 - 3175113 + 4804427 = 47*o. Is o a composite number?
False
Let f(j) be the third derivative of 1/2*j**4 + 0*j + 2/3*j**5 + 19/6*j**3 + 0 - 15*j**2. Is f(-8) composite?
True
Suppose -6*s + 208 = -2*s + 4*p, 0 = -5*s + 5*p + 210. Let t = s - 52. Is (t - 61)*-12 - -5 composite?
False
Let o(h) be the second derivative of h**5/20 + h**4/6 + h**3/6 + 5*h**2 + 31*h. Let n be o(-3). Is n/(-6) - (-137412)/54 a composite number?
True
Suppose -229*w = -402049 - 1086909. Is w a prime number?
False
Let m be (-52)/(-20) - 2/(-5). Suppose -2*l = 0, 0*t - m*t = 5*l. Suppose t = -7*a + 2418 - 661. Is a a composite number?
False
Let n(s) = -150*s + 163. Suppose 0 = -4*b - 4*d - 1